be -9*(143/(-6))/(-11)*-8. Calculate the greatest common divisor of 104 and d.
52
Let l(w) be the third derivative of w**6/120 - 11*w**5/60 + w**4/12 + w**3 + 6*w**2. Let h be l(11). What is the highest common divisor of h and 196?
28
Let w(c) = -3*c + 5. Let i = -5 + 9. Let v be w(i). Let t(o) = -o**3 - 6*o**2 + 5*o + 10. Let b be t(v). What is the highest common divisor of b and 4?
4
Suppose 149 = -4*q + 349. Calculate the greatest common factor of q and 900.
50
Let o(h) = -h**2 - 7*h - 7. Let u be o(-3). Suppose 0 = u*w - 67 - 883. What is the highest common divisor of 76 and w?
38
Let s be (4/1)/(2/10). Let f(j) = -36*j**2 + 35*j**2 + 6*j**3 + 74*j**3 + 1. Let q be f(1). What is the highest common factor of q and s?
20
Let c(i) = i**3 + 8*i**2 + 6*i + 4. Let d be c(-7). Suppose 2 - d = -r. Calculate the greatest common factor of r and 72.
9
Suppose -420 = -4*f - 36. Suppose 0 = 3*g + 4*i - 28, -5*i - 50 = -5*g - 10*i. What is the greatest common divisor of g and f?
12
Let i = -31 - -43. Let u be 6/(-4) + (-26)/(-4). Suppose 0*y - u*y + 162 = 3*d, -2*d = 5*y - 158. Calculate the greatest common factor of i and y.
6
Suppose -2*d = -2*o - 6, -o - 3 = 3*d - 20. Suppose 34 = -y + o*y. Let b(v) = v + 34. Let p be b(0). Calculate the greatest common factor of y and p.
34
Suppose 100*r + 2040 = 134*r. Suppose p = 4*p - 30. Calculate the greatest common divisor of p and r.
10
Let h(n) = -66*n - 504. Let y be h(-9). Calculate the highest common divisor of 18 and y.
18
Suppose -2*p + c = 98, -p - 3*c + 8*c - 67 = 0. Let o = p + 53. What is the highest common divisor of 48 and o?
6
Suppose -314*p = -291*p - 10005. Calculate the greatest common factor of 30 and p.
15
Let n(u) = -25*u - 4 - 4 - 2 + 0*u. Let b be n(-4). What is the highest common divisor of 60 and b?
30
Suppose 0 = b + 2. Let n(r) = r**2 + 2*r - 1. Let j be n(b). Let l be 3*j*8/(-12). Calculate the greatest common divisor of 8 and l.
2
Let z = 13 - 13. Suppose 2*f + 2*k = 4*f - 82, -2*f + k + 81 = z. Suppose -o = q + o - 14, -3*q - 5*o = -f. Calculate the greatest common divisor of q and 30.
10
Let r = 84 - 30. Suppose 3*i - 2*i + 9 = -4*a, -5*i + 5*a + 5 = 0. Let z = r - i. What is the highest common divisor of 11 and z?
11
Suppose 0 = w - 14 - 181. What is the highest common factor of 105 and w?
15
Let y(u) = u**3 + 57. Let x be y(0). Let n = -25 + 538. What is the greatest common factor of x and n?
57
Suppose g - i = 9, 0*g - 4*g - i = -56. What is the greatest common factor of 949 and g?
13
Suppose -z - 1400 = -5*z. Suppose 0*g + z = 5*g. Calculate the greatest common divisor of g and 14.
14
Suppose 4*a = l + 86, a - 3*l - 31 = 2*l. Calculate the highest common factor of a and 7.
7
Let v(q) = 7*q + 5*q**2 + 0 - 4*q**2 - 4. Let d be v(-8). Let b be (-27)/18 - (-74)/d. Calculate the greatest common factor of b and 187.
17
Let t(m) = 6*m**2 + 2*m**3 + 8*m - 3*m**3 - 3 - 1 - 3. Let c be t(7). Suppose c = y + 3 - 13. What is the highest common factor of 4 and y?
2
Suppose 2*a - 27 = -15. Suppose 0 = 4*z + 5*i - 95, -z + 4*i - 112 = -a*z. Calculate the highest common factor of z and 100.
20
Let o = -686 + 1052. Calculate the highest common factor of o and 6.
6
Let z be 44*(4/(-24))/(1/(-3)). Calculate the greatest common factor of z and 11.
11
Let o be (-872)/(-16) + (-4 - (-7)/2). What is the highest common factor of o and 90?
18
Let g = 28 - 11. Let w(i) = -i**3 - 4*i**2 + 5*i + 10. Let v be w(-5). Let k = g - v. Calculate the greatest common factor of 7 and k.
7
Let s(g) = 18*g + 18. Let x be s(4). Calculate the highest common factor of 40 and x.
10
Suppose -14*y = -177 - 593. Suppose -k = -4*z - 3*k + 106, -z - k = -24. Let t = z - 18. Calculate the greatest common factor of y and t.
11
Let y be (-36)/21 + -3 + (-2)/7. Let q be (y + 2 - -54) + -1. Calculate the highest common factor of 10 and q.
10
Let g = -13 - -27. Let s(d) = 4*d - d**2 - 14 - 22*d + 3*d**2. Let f be s(g). What is the greatest common divisor of 14 and f?
14
Let n be (-3 + 2 + 17)*-10. Let d = n + 295. Let q(p) = 3*p**3 - 4*p**2 + 4*p - 3. Let b be q(3). Calculate the greatest common factor of d and b.
27
Let s(t) = t**3 - 2*t**2 + 6*t + 4. Let p(a) = -a**3 - 8*a**2 - 14*a - 6. Let z be p(-6). Let b be s(z). What is the highest common divisor of 23 and b?
23
Suppose -10 = -3*b + 4*v, 5*b = v + 6 + 5. Suppose 650 = 4*z - 2*y, -5*z + 0*z = b*y - 808. Let u = -77 - -95. What is the greatest common divisor of z and u?
18
Suppose -8*x + x = -105. Let a = -4 - x. Let k = a + 34. Calculate the highest common factor of k and 75.
15
Let g(w) = w**3 + 11*w**2 + 18*w + 2. Let n be g(-9). What is the greatest common divisor of n and 5?
1
Let c(w) = -w**3 - 23*w**2 + 15*w - 192. Let b be c(-24). What is the greatest common factor of b and 1128?
24
Let t be -5 - -6 - -10 - (-5 + 2). Calculate the highest common factor of t and 175.
7
Let u = 362 + -350. Calculate the highest common divisor of 372 and u.
12
Let i = -36 - -32. Let t be 1 + 7 - i - -3. What is the highest common factor of t and 10?
5
Suppose -4*x + 7*z - 8*z + 127 = 0, -2*x + 65 = z. Calculate the greatest common factor of 589 and x.
31
Suppose 4*i - 274 = -2*l, -2*i + i - 425 = -3*l. Suppose -19 = -4*f + l. What is the highest common factor of 8 and f?
8
Suppose 0 = 2*l - 3*i - 236, -l - i - 17 = -125. Suppose 0 = 7*g - 6*g - 13. Let k = g + 3. What is the highest common divisor of k and l?
16
Let k = -2 - -7. Suppose o = k*o - 16. Suppose 0 = -o*h + 14 + 146. What is the highest common divisor of 20 and h?
20
Let y be 3 - 0 - (9 - 5 - 5). What is the highest common factor of y and 6?
2
Suppose -10618 = -29*a - 439. What is the highest common factor of 13 and a?
13
Suppose -61 = -2*y - l, -2*y - 5*l = y - 102. Suppose 4*n - 48 = -0*n. Let j be (8/n)/(6/261). Calculate the greatest common factor of y and j.
29
Suppose -15 = 2*p + 25. Let d = p + 41. What is the highest common divisor of 3 and d?
3
Suppose -w + 4*a = -10, 0 = -3*w + 2*a + 27 + 43. Calculate the highest common factor of w and 1248.
26
Let s(d) = d**3 + 5*d**2 + 11*d + 46. Let q be s(-4). Calculate the highest common divisor of q and 126.
18
Suppose -53 = -2*g + 51. What is the greatest common divisor of g and 39?
13
Let a(n) = -n**3 + n**2. Let q be a(-1). Suppose 0 = -6*p - q*p + 432. Calculate the highest common divisor of p and 135.
27
Let a be 150/18 + 2/(-6). Let s = 8 + a. Let r be (2*2)/(4/s). Calculate the highest common factor of 144 and r.
16
Let y be -5 + (-32 - (-25)/(-5)). Let o = -72 + 142. Let d = o + y. Calculate the highest common factor of 140 and d.
28
Let k = 220 + -202. Calculate the highest common factor of 693 and k.
9
Suppose 10 = -2*o, -4*x - 4*o - 1612 = -6032. Calculate the highest common divisor of 74 and x.
74
Suppose 24*q + 25 = 29*q. Suppose -c + 3 = 3*y, -y - 83 = -q*c + y. What is the greatest common factor of 105 and c?
15
Suppose -2*p + 6*p = 304. Suppose -5*s + 124 = -p. Calculate the greatest common divisor of s and 60.
20
Let q = -133 - -221. Let r be ((-204)/(-54) - 2)/(20/90). Calculate the highest common divisor of q and r.
8
Let g = -9290 - -9305. Suppose -2*z - 21 + 171 = 0. Calculate the highest common factor of z and g.
15
Let v(n) = -36*n + 69. Let c be v(1). Calculate the greatest common divisor of 198 and c.
33
Suppose 0 = -2*b + 6 + 4. Suppose -4*o = -2*j - 24, 0*o + 24 = o - b*j. What is the highest common divisor of o and 20?
4
Let t(i) = -i**2 + 8*i - 14. Let w be t(4). Suppose 3*r + 2*n - 475 = -w*r, n + 285 = 3*r. What is the highest common divisor of 5 and r?
5
Let c(h) = -h**3 + 11*h**2 - 12*h + 6. Let l be c(10). Let f = l + 21. Let k = f - -4. Calculate the highest common divisor of k and 121.
11
Let i = 946 - 876. What is the highest common divisor of i and 90?
10
Let n be (159 + -146)/(2 + -1). What is the highest common divisor of n and 91?
13
Let a = -3908 + 3978. Suppose -159 = -2*u - 2*d - d, d - 249 = -3*u. Suppose 6*p - u = 3*p. Calculate the highest common factor of p and a.
14
Suppose 0 = -8*l - l + 18. Suppose -t + 3*o = l, -2*t + o = 5*o - 16. Calculate the highest common divisor of 40 and t.
4
Let d be (-13)/((-390)/2928) + 3/(-5). Let c = 13 + d. What is the greatest common factor of 10 and c?
10
Let p(y) = -y**3 - 14*y**2 - 20